 (9 + -2)))?
-3
(10 - -2 - 16) + -80 - (14 + 2)
-100
Evaluate 29 + (-139 + 53 - -12).
-45
Calculate (-203 - -188 - (-1 - (0 - -12))) + -37.
-39
(55 - 66) + (5 - 1) + (3 - -12)
8
What is 5 + (80 - 3) + (76 + -46 - (-6 - -28))?
90
What is the value of 9 + 2 + 0 + (230 - 204 - 35)?
2
Evaluate -78 + (31 - (64 - 51)).
-60
(-1 + 3 - 21) + -5 + (-3 - -4)
-23
Calculate ((127 - 124) + (-19 - -1) - -22) + -2 + -46.
-41
What is -11 - (26 - -19 - 18) - (0 + -1)?
-37
15 + -9 + 9 + (-9 - (2 - 6 - 4))
14
What is the value of -18 + (30 - -31) + -31 + -77 + -1?
-66
What is the value of -327 - (699 + -1016) - (-1 + (21 - 0))?
-30
(50 + 6 + -2 - -12) + 10 - 12
64
Evaluate -53 + -6 + 12 - (-3 + -5 + -2).
-37
Calculate -74 + 34 + 16 + 33.
9
What is the value of ((52 - 37) + -4 - 17) + (-76 - 1)?
-83
(-49 - -56 - -47) + -16
38
What is the value of -23 + -21 + (2 - -4 - 24)?
-62
What is -8 + 6 + 3 + -2 + -51 + 89?
37
2886 - 2975 - (-3 - 11)
-75
What is the value of -29 + (-28 + 20 - 42 - -11)?
-68
What is the value of -30 + -6 + 37 - (3 - (-6 - -2)) - -38?
32
What is the value of 44 - 94 - (-2 - 42)?
-6
What is 6 - (1 + 68 - (33 - (7 + 16)) - 4)?
-49
What is -38 + -8 - 33 - -44?
-35
What is the value of -96 - (-301 + 297 - (-28 - 0) - 21)?
-99
Calculate -16 + 23 - (13 + 22).
-28
Evaluate (-1 + 1 - -19) + (-285 - -271) + 53.
58
Calculate (-25 - ((-22 - -30) + -54)) + -50.
-29
Calculate 8 + 2 - (8 + -18 + 50).
-30
Calculate 67 - -1 - (171 - 109).
6
-26 + 48 + -7 + 3
18
Evaluate -24 + -4 + 17 + (-9 + (-7 - -10) - 1).
-18
What is the value of -6 - (23 + -1 + -4 + 13 + -34 + 16)?
-19
What is -10 + -46 + 3 + 4 + -16 + 10 + -1?
-56
What is the value of (7 + 5 + -7 - (6 - -5)) + 90?
84
What is the value of -276 + 250 + -1 + -17?
-44
Calculate -70 - (-12 - (76 + -48)).
-30
Evaluate -162 + 48 + 55 + -16.
-75
Evaluate 0 - 11 - ((5 - -41 - (23 + -17)) + 4).
-55
-1 - (43 - ((9 - 10) + -8 - (2 + -4)))
-51
Evaluate -47 + 77 + -3 + (8 - 7) + (-1 - 0).
27
-19 + (1 - 118) + 65
-71
What is the value of (2 - (6 + 1 + 15 - 7)) + 39?
26
Calculate (1 + (-5 - -8) - (-15 - (-11 - 10))) + 0.
-2
What is -6 + (-6 - -1) + (30 - 14) - -14?
19
What is the value of -81 + 40 + 34 - (2 + -6 - (-2 + -2))?
-7
Evaluate -5 + 1 - (-32 + -2 - (282 - 330)).
-18
Calculate 0 - -25 - (212 + -83 + -190).
86
Evaluate -2 + (-2 - 2 - (18 + -21)) + (-5 - -5).
-3
What is -5 - (4 + 6 + (-34 - (19 - 53)))?
-15
3 + 0 - ((166 - 63) + (-22 - 1))
-77
What is -8 + 44 + -18 + (-13 - -8) + 8?
21
(-21 - -34 - 17) + 162 + -188 + -14 + 1
-43
-16 + (-668 - -571 - (-33 + 1))
-81
What is 0 + -1 + 28 + -35?
-8
-14 + -1 + (114 - 11 - 66)
22
Evaluate -25 + 24 - (-3 - (-7 + (2 - 7))).
-10
Calculate 25 - 39 - -22 - ((-30 - -17) + (3 - 0)).
18
Evaluate -8134 + 8126 - (-1 - -28).
-35
Calculate (-29 - (23 + -60 - 7)) + -83.
-68
What is the value of 8 + -9 + 40 - (-12 + (15 - (6 + -2)))?
40
Calculate (-16 - (-6 + (11 - 5) - 6)) + -21.
-31
Calculate (9 - 1) + -2 + (7 - -15 - 15).
13
Calculate 11 - (-24 + 99 - -12).
-76
What is the value of -99 - -91 - (-12 + (-1 - 0))?
5
What is the value of (3 - (-4 - ((-6 - -8) + -3))) + 7 + -17?
-4
Evaluate -3 - (40 + -20 + 10 + 1).
-34
What is the value of (0 - 5) + 23 + -4 + -4 - -51?
61
Calculate (-1 - -60) + -25 - 63.
-29
(-5 - (-17 - -5)) + -5 + 62 + -7 + 2
59
3 + -67 - -33 - -12
-19
Calculate -1 - -20 - (112 + (3 - (50 + -53))).
-99
Evaluate (-13 - (15 + (20 - 35))) + -7.
-20
What is the value of 5 + (0 + 1 - 6) + 2083 + -2076 - -4?
11
Evaluate 13 + -3 - (135 + -169).
44
11 - 5 - (0 - 2) - (114 + 10 + -36)
-80
Evaluate 9 - (90 - (115 + -5) - (3 - 2 - -2)).
32
What is 26 - (106 + -102 - (5 + 1 - 3 - -8))?
33
-14 - 4 - (28 + -86 + 13)
27
87 - -4 - (5 + -27 + 18) - (0 + 10)
85
Evaluate ((-12 - 7) + 34 + -24 - -18) + 1 + -10.
0
Calculate 6 + 31 - (-311 - -309).
39
Calculate 46 - (96 - 98 - (0 + -8)) - -3.
43
Evaluate 8 + -3 + (-24 - (22 + 35)).
-76
What is 1 + (-25 + -2 - -51 - 18)?
7
What is -4 + (-26 - 0) - (10 + 10 + -1 + -12)?
-37
Evaluate 4 - (-2 - -3) - (-31 + 62 + -44).
16
28 + 1 - (-127 + 214)
-58
What is the value of (-1 - -16 - (10 - 21 - -16 - 5)) + 8?
23
What is 0 + 0 + -2 - 72 - (103 - (269 - 177))?
-85
Evaluate 5 - (15 + 4 + 25 + -37).
-2
-9 + 6 + -26 + 4 + -20
-45
Evaluate -185 + (15 - -17) + 78.
-75
Evaluate -72 + (12 + -5 + 7 - (-3 + 14)).
-69
Evaluate -4 + -125 - (-1051 + 917).
5
Evaluate -9 + (69 - 95) + (3 - 14).
-46
Evaluate -15 - (23 - ((1 - 0) + (-225 - -339))).
77
What is the value of -34 + -44 + (41 - 14) + 2?
-49
Calculate 30 + (0 - (-4 - -12 - 0)) - (22 - 11).
11
(-3 - -13) + (-13 + 1 + 33 - -3)
34
What is the value of (1 + 3 - (14 + -11)) + 8 - -11?
20
What is (0 - 0) + 63 - (135 + -200 + 81)?
47
-77 + 94 + (41 - (-7 + -3)) - (0 + -1)
69
What is the value of (-395 - -323) + 6 + 35?
-31
What is the value of 38 + -4 + (-1 + -6 + 10 - (2 + -4))?
39
Evaluate 0 + -23 + -44 + -93 + 114.
-46
33 + 1 - (8 - -46)
-20
Evaluate -29 - -36 - (-2 - 12 - -13).
8
-295 + 283 - (1 - 5 - 44)
36
What is the value of -33 + 43 - -70 - 124?
-44
-3 + 2 + (14 - 1) + (-8 - -26 - 14)
16
What is -6 + -80 + -10 - (-127 + 99)?
-68
Evaluate -25 + (7 - (-3 - -12)) + -11 + 10 + -5.
-33
12 + -1 + 1 - (-25 - -1 - -43 - -23)
-30
What is the value of 88 - (-70 - (-14 - 44))?
100
What is -3 - 17 - (-49 - (-2 + -50))?
-23
Evaluate 3 - (-12 + (-9 - (6 + -21 + -1)) + -27).
35
-10 + (27 - (22 + -4)) + (-2 - -1) + 1
-1
Evaluate -4 + -86 - (-34 - (5 + -16)).
-67
Calculate 59 + -27 + (-7 - -1 - -14).
40
What is the value of (-17 + 11 - 5 - 6) + 82 + 11?
76
Calculate -18 - ((18 + -36 - -31 - -34) + 16).
-81
Calculate 0 + (-27 - 7 - -31) + 24 + 5.
26
What is 13 - (-5 - 14 - -22) - (-6 + (-7 - -5))?
18
Evaluate 7 + -19 - -38 - (49 + 36).
-59
Evaluate (100 - 33 - -18) + -8.
77
Evaluate -15 + -21 - -44 - (7 - 1).
2
What is -28 - ((-35 - -83) + -44)?
-32
Calculate -11 + -13 + (14 - 11).
-21
-8 + (2 + 10 - -7) + 3 + (-54 - -3)
-37
What is -2 + 9 - (-25 + (4 - 1) - -25)?
4
What is the value of (22 - (11 - 8) - 7) + (-25 - -26) - -94?
107
Evaluate -153 - (13 + (-245 - -116)).
-37
What is -4 - (31 + -12 + -9 - -26)?
-40
Calculate 0 + (44 + -70 - 7).
-33
Calculate 10 - 17 - -1 - (13 - 6 - (-1 - -20)).
6
Calculate 292 + -286 - ((18 - (5 - (0 + 1))) + -1).
-7
Calculate -17 + (11 - (5 - 18) - (-57 + 86)).
-22
Calculate -23 + 26 - (32 + -19 + -9 - (-1 + 1)).
-1
What is -49 + 36 + -30 + 22?
-21
Evaluate (-217 - -232) + (10 - (-4 - -4)).
25
What is (-933 - -1037) + (-79 - 5)?
20
Evaluate -83 - (5 + 82 + -150).
-20
1 - -14 - (-30 - (-83 + 13 + -7))
-32
54 + (7 - (-25 + 43))
43
Calculate -12 + -38 + (48 - 30).
-32
Evaluate 12 - (-6 - (10 - 6) - -2).
20
16 - (-10 - (-62 - -46))
10
What is -217 - -62 - -172 - (7 - 1)?
11
163 + -167 + (3 - 44)
-45
(16 - -100) + -415 + 243
-56
Calculate (229 - 110) + -91 + -46.
-18
Evaluate 32 - (27 - (31 + -22 + 6)).
20
Calculate (6 - (1 - 155)) + -9 + (-24 - -10).
137
What is the value of -8 + (-4 - (21 + -20 + 13)) - -15?
-11
What is (-22 + 97 - 88) + (72 + 0 - 0)?
59
What is 58 - (26 + -6) - (-2 + 13 - -1)?
26
Evaluate 19 + 14 + -15 + 19 + 3.
40
Calculate 20 - (41 - 10 - 25).
14
What is (-101 - -58) + -6 + 55?
6
174 + (73 - 125) + -53
69
What is (58 - 91) + -27 - 18?
-78
What is the value of -53 + 8 + 292 + -286 + -2 + -1?
-42
31 - (108 + -40 - 33)
-4
What is (5 - -4) + -106 + (-107 - -106)?
-98
Evaluate 2 - 17 - (-2 - 4) - (22 + 4 + 0).
-35
Calculate (45 - 50 - (-2 - 15)) + 0 + -16 - -48.
44
What is the value of -3 - (-44 - -52 - 40)?
29
What is (-23 - (-16 + -9) - 3) + 29 + (-2 - -2)?
28
What is 161 - (-1 + 0) - (-102 - -275 - 157)?
146
Evaluate (30 - 17 - 4) + -14 + -15 + -38.
-58
What is 95 - 37 - 41 - 44?
-27
What is the value of 0 + -6 + 0 + (55 + 1 - 8) + -6?
36
Evaluate 77 + -46 - (-9 + 17 + 3 - 4).
24
157 - 177 - (1 + 17)
-38
(-378 - -383) + (1 - 0) + (-4 - -25)
27
(74 - 53) + -41 + -1 - -6
-15
Evaluate (182 - 244) + (10 - (7 - 11)).
-48
What is the value of 84 + (129 - 92) + -154?
-33
Evaluate (40 - (-7 + 30 - 27)) + (13 - -1).
58
What is -882 + 892 - (-4 - 1 - -73)?
-58
What is -10 - (-59 - ((0 - 13) + 3))?
39
What is the value of -110 - (-155 - (-126 + 50))?
-31
What is -86 + 28 + 39 - (-7 + -38)?
26
-3 - 1 - (2746 - 2740)
-10
Calculate (7 - 48) + 9 + (9 + -20 - -2).
-41
Calculate 30 + -